e 13, what is -1b + 739036?
739018
In base 14, what is d + 294949?
294958
In base 5, what is 10441442212 + -10?
10441442202
In base 3, what is 211100212 + -1000111210?
-12010221
In base 7, what is 464425 - -2036?
466464
In base 14, what is -b777269 + -9?
-b777274
In base 9, what is -102551 - -1756?
-100684
In base 8, what is -11054722 - 0?
-11054722
In base 6, what is -323041 - -135004?
-144033
In base 11, what is -7860 + -1701a?
-2387a
In base 13, what is 125460 + 14?
125474
In base 6, what is 20323114 + 45?
20323203
In base 4, what is 11313110332 + -222?
11313110110
In base 8, what is 22 + 13213?
13235
In base 5, what is -432003121 + -2?
-432003123
In base 4, what is 1121110 + -23323213?
-22202103
In base 2, what is 1011 - -100101110011110111111110?
100101110011111000001001
In base 10, what is -3 - -198296130?
198296127
In base 14, what is -14d6b + -33?
-14da0
In base 13, what is -4b4 + 39c8?
3514
In base 3, what is -12101220200 - -2222221?
-12021220202
In base 5, what is 1431134 + -23434?
1402200
In base 13, what is -106 - -36b4b?
36a45
In base 11, what is -1 + 93a0263?
93a0262
In base 8, what is -241764144 + -27?
-241764173
In base 12, what is -17 - -55736b0?
5573695
In base 7, what is 25 - 65353446?
-65353421
In base 15, what is -3130a6 + -b?
-3130b2
In base 2, what is 1101101001100 + -10111010110010?
-1001101100110
In base 3, what is 2 + -12112110102?
-12112110100
In base 7, what is -3 - 4320331212?
-4320331215
In base 3, what is 10102111012211 - 11?
10102111012200
In base 4, what is 1 - 3323120020?
-3323120013
In base 2, what is 11001 + -10101001111001?
-10101001100000
In base 8, what is -5 + -627065465?
-627065472
In base 8, what is 3 - -1361277023?
1361277026
In base 6, what is 441300013 - 11?
441300002
In base 9, what is 5 + 5671466?
5671472
In base 7, what is -133 - -5646146?
5646013
In base 13, what is 3c679a2 + 6?
3c679a8
In base 16, what is -8a83 + -9db?
-945e
In base 8, what is -36104436 - 5?
-36104443
In base 14, what is -c157 - -17?
-c140
In base 5, what is 20334 - -124144?
200033
In base 13, what is -8302 + 281a?
-57b5
In base 10, what is 668 - 134112?
-133444
In base 3, what is -21021102100220 - 12222?
-21021102120212
In base 7, what is -415 + -1224052?
-1224500
In base 9, what is -7288 + -6884?
-15283
In base 9, what is 1141650 + 23?
1141673
In base 3, what is 10 - 111212202022201?
-111212202022121
In base 10, what is -1007642 + 163?
-1007479
In base 11, what is 720a - 329?
6991
In base 16, what is -9bd4887 + -2?
-9bd4889
In base 2, what is -100000000 - -1101000001101010?
1100111101101010
In base 4, what is 1130201 + -11100211?
-3310010
In base 13, what is -16c3 - -21b6?
7c3
In base 6, what is 244 - 21224435?
-21224151
In base 15, what is -143 + 2575?
2432
In base 7, what is -5546231 - -1430?
-5544501
In base 14, what is 43c + c280?
c6bc
In base 3, what is -10100022011002112222 - -2?
-10100022011002112220
In base 3, what is 1112100110211012211 + 12?
1112100110211020000
In base 3, what is 2112221 + 1200121002?
1210011000
In base 8, what is 2274421104 + 3?
2274421107
In base 8, what is -13610 - -40657?
25047
In base 13, what is cc592 + 1b2?
cc774
In base 16, what is -8 + -c4112?
-c411a
In base 11, what is -191789 - 56?
-191834
In base 16, what is 29 - 27afeb?
-27afc2
In base 4, what is -1 - 1013111031322?
-1013111031323
In base 10, what is 9614266 + 4?
9614270
In base 6, what is -1055153 + -10531?
-1110124
In base 10, what is -84318 + 112?
-84206
In base 3, what is 112 + 11100201000101?
11100201000220
In base 9, what is 421 + 203130?
203551
In base 13, what is -829 + 857c?
7a53
In base 10, what is -265797 - -13?
-265784
In base 4, what is -23302 + 21003230?
20313322
In base 10, what is 45131751 - -32?
45131783
In base 6, what is -1144101550 + 51?
-1144101455
In base 15, what is 1b2251 + -2?
1b224e
In base 2, what is 101101011 - 1001001100110010101?
-1001001100000101010
In base 15, what is 34 + -21838?
-21804
In base 10, what is 0 - -451853?
451853
In base 5, what is 112433 + -434044?
-321111
In base 16, what is -3102 - 1480?
-4582
In base 6, what is 0 - 315532252?
-315532252
In base 2, what is 10001011100001110 + 10111001?
10001011111000111
In base 7, what is 50652 + -2256?
45363
In base 6, what is 304023505403 - 1?
304023505402
In base 14, what is -51697cb - 1d?
-516980a
In base 5, what is 242133232 - 34?
242133143
In base 12, what is 23502 - 9b?
23423
In base 15, what is 17221957 + -3?
17221954
In base 15, what is 8da - -1bc0?
25aa
In base 15, what is 56 + 18951?
189a7
In base 6, what is 54012 + 143?
54155
In base 13, what is 66cca - 1?
66cc9
In base 14, what is -187605 - -5?
-187600
In base 13, what is 9 + -1b0b16?
-1b0b0a
In base 14, what is -394c9 - a?
-394d5
In base 4, what is -332223012111213 - -11?
-332223012111202
In base 4, what is 311132131130 - -2?
311132131132
In base 13, what is 5 + 387ac8?
387b00
In base 9, what is 1 + 61370022?
61370023
In base 8, what is 3042417716 + 5?
3042417723
In base 13, what is -10997 - -1a1?
-107c6
In base 3, what is -1002100210221210 + 0?
-1002100210221210
In base 16, what is -a6 - 9391a?
-939c0
In base 10, what is -21800 - 7376?
-29176
In base 9, what is -475714728 - -1?
-475714727
In base 2, what is -100101111110100111000011 + -10?
-100101111110100111000101
In base 3, what is -1121202000121221 + 1011?
-1121202000120210
In base 4, what is -1003323 + 120110?
-223213
In base 4, what is 3213303203 + -201?
3213303002
In base 3, what is 221110200121 - 2100210?
221101022211
In base 12, what is 265 + -1101a?
-10975
In base 12, what is -16594354 - -1?
-16594353
In base 13, what is -9a8c - -7743?
-2349
In base 4, what is 112330230023 + -21?
112330230002
In base 13, what is c8a8 - 1324?
b584
In base 7, what is 11 + 144226344?
144226355
In base 10, what is 668982 + -1?
668981
In base 3, what is 0 - -11211210122111201?
11211210122111201
In base 9, what is -63 + -1668108?
-1668172
In base 13, what is 0 - -781331?
781331
In base 13, what is -9c4a71 - 3?
-9c4a74
In base 2, what is -11100000010 + 1001001001000?
101101000110
In base 3, what is 110121211211 - -10?
110121211221
In base 7, what is -2425106 + -25?
-2425134
In base 5, what is -100 + 34442033?
34441433
In base 15, what is 8 - -b6e1?
b6e9
In base 14, what is 9aaa + -1c3?
98c7
In base 9, what is -686415 - 15?
-686431
In base 3, what is -11000200022 - 202121?
-11001102220
In base 6, what is 4 - -13352532251?
13352532255
In base 12, what is -89 + 2511240?
2511173
In base 7, what is 20366 - -3120?
23516
In base 14, what is 5 + -94cbc9a?
-94cbc95
In base 6, what is 5 + -201513122?
-201513113
In base 14, what is -998761 + 2?
-99875d
In base 7, what is 43046 - -263?
43342
In base 5, what is 33122 + -2200200?
-2112023
In base 14, what is -21 - 532a3?
-532c4
In base 2, what is -10111001110011111 + 11001100?
-10111001011010011
In base 12, what is 0 + 14b7a57?
14b7a57
In base 13, what is 9b74 + -4cb?
9676
In base 4, what is 10233301133 + 21323?
10233323122
In base 9, what is 1371284101 + 0?
1371284101
In base 13, what is -12 - -12649?
12637
In base 5, what is 2424233 - -432?
2430220
In base 4, what is -3312210321221 - 0?
-3312210321221
In base 15, what is -12be - -20b?
-10b3
In base 11, what is -2052 - 1127a2?
-114844
In base 4, what is -2122 - -132013200?
132011012
In base 2, what is 10100 + -1011111111001001000?
-1011111111000110100
In base 4, what is 2 + 122031213300?
122031213302
In base 3, what is 211121 - 20000021?
-12011200
In base 14, what is 1ac26207 - -3?
1ac2620a
In base 6, what is -5110 + -25312?
-34422
In base 6, what is -3 + 21145022202?
21145022155
In base 5, what is -3 + 13300212210?
13300212202
In base 5, what is -403 + 103044210?
103043302
In base 10, what is 15459135 + 2?
15459137
In base 14, what is c8 - -41c4?
42ac
In base 11, what is 23526573 + 4?
23526577
In base 14, what is -390 + 2cab?
291b
In base 4, what is -2112303131 + 21?
-2112303110
In base 12, what is 2b96aa - 36?
2b9674
In base 14, what is -39ca + 1170?
-285a
In base 2, what is 10011111101 - -101010001111?
111110001100
In base 9, what is 0 - -16821061?
16821061
In base 11, what is 16926 + -184?
16752
In base 12, what is 30 - 21603?
-21593
In base 5, what is 43023 - -200?
43223
In base 16, what is 57e38 - -17?
57e4f
In base 15, what is 4 + 496023?
496027
In base 7,